9559 + -9555. What is the highest common factor of d and b?
2
Suppose -a + 105 = -6*a. Let i = a - -16. Let d be 2/(-6*i/45). What is the greatest common factor of d and 6?
3
Let i(b) = 461*b + 1. Let q be i(1). Let c = -46 - -46. Suppose 5*d + 2*r - 202 = c, -d + 92 = d - 2*r. Calculate the greatest common divisor of q and d.
42
Suppose 0*s = -2*s - 5*n - 155, 0 = -2*s + 4*n - 146. Let w be (2200/s)/((-2)/3). Let i(z) = z. Let g be i(4). Calculate the highest common divisor of w and g.
4
Suppose -8 = -7*w + 76. Let d be 1264/20 + w/(-10). Calculate the greatest common divisor of d and 434.
62
Suppose 0 = -433*g + 7876471 + 4727293. Calculate the greatest common factor of 76 and g.
76
Let u = -6 + 16. Suppose -5*y - 346 = 5*w - 371, -y + 2*w = 4. Calculate the highest common factor of u and y.
2
Suppose 3*w + 6 = -2*s + 25, -4*s + 65 = -3*w. Suppose -7*a - 7 = -s. Calculate the highest common divisor of a and 1.
1
Let z = 12397 + -11785. What is the greatest common factor of z and 3468?
204
Let a be -94 + -3*2/3. Let k be ((-608)/a)/((-1)/(-60)). Calculate the greatest common divisor of 10 and k.
10
Suppose 0*y - 12 = 3*y, 3*s + 5*y - 1480 = 0. Suppose 8*b + s = 10*b. Let p = -79 + b. Calculate the highest common divisor of p and 19.
19
Let h(n) = 596 + n - 571 + n. Let u be h(-8). Calculate the highest common divisor of 315 and u.
9
Let g be 41 + 1 + -4 + 2. Suppose -4*z - 38 = -3*i - 221, z = 3*i + 39. What is the greatest common divisor of g and z?
8
Let r = -6836 + 8055. Calculate the greatest common divisor of r and 106.
53
Let m be -3*(177 - -1)*(-74 - -71). What is the greatest common factor of 89 and m?
89
Suppose -11*p = -5*d - 9*p + 22, 12 = 3*p. Suppose 2197 = d*i + 2149. Suppose 0 = -k - 0*k + 12. What is the greatest common factor of i and k?
4
Let b(l) = 17*l - 40. Let j be b(8). What is the greatest common factor of 4080 and j?
48
Suppose 0 = -561*q + 147*q + 33120. Calculate the greatest common divisor of 1696 and q.
16
Suppose -48*m - 25007 = -208319. What is the highest common divisor of m and 38?
19
Let t be 95 - 2/(-3)*6. Let s = 147 - t. Let y be 1/(1*-1) - -433. What is the greatest common factor of s and y?
48
Let q(n) = -657*n + 2041. Let i be q(3). Let z(j) = j**3 - 5*j**2 - 10*j. Let c be z(7). What is the greatest common factor of i and c?
14
Suppose -7*u + 5*u = -2*m + 34896, -u = -3*m + 52332. Calculate the greatest common factor of 114 and m.
114
Let s = 6030 - 5858. Calculate the greatest common factor of 1161 and s.
43
Let o be ((-14616)/(-3045))/(2/1265). What is the greatest common factor of o and 2070?
138
Suppose 5*n + 5637 = 2*h, h - 3792 + 971 = 5*n. What is the greatest common divisor of h and 198?
22
Let n(x) = 1891*x - 738. Let k be n(10). What is the greatest common factor of 59 and k?
59
Let b = 6 + -2. Let p(t) = -6*t**2 + 2*t + 19. Let i be p(5). Let h = i + 165. Calculate the greatest common factor of b and h.
4
Suppose 45*q + 12*q - 626658 = 0. Calculate the greatest common factor of 46 and q.
46
Let y be 1 - (1/(-2))/(18/8172). Let s(v) = 22*v - 71. Let b be s(11). Calculate the greatest common factor of b and y.
57
Let z(j) = 52*j - 11. Let h be z(4). Suppose 3*u = 5*k - h, -3*k - 5*u + 124 - 33 = 0. Calculate the greatest common factor of k and 259.
37
Suppose -5*d + 2381 + 1639 = 3*j, -2673 = -2*j - d. Calculate the highest common factor of 30 and j.
15
Let t be (42/686*-7)/((-1)/7). Suppose t*o - b - 86 = 0, -b - 3*b - 155 = -5*o. Calculate the greatest common factor of 4 and o.
1
Let l(v) = -v**3 + 6*v**2 + 7*v + 4. Let m be l(7). Let a be 49/(m + 6/(-2)). Calculate the greatest common factor of 98 and a.
49
Let v be (55/20)/(1/48). Let x = -116 - -128. What is the highest common factor of x and v?
12
Let u = 16818 + 2207. Calculate the greatest common divisor of 25 and u.
25
Let k be 137/(9 - 0 - 13376/1496). What is the highest common divisor of k and 959?
137
Let h(f) = 38*f - 818. Let w be h(23). Calculate the highest common factor of w and 32.
8
Suppose -4*p = 3*g - 33 + 8, 0 = 2*p - 8. Suppose 3*m - 2*r - 37 = 0, 6*m = 5*m - 5*r - 16. Let q = 36 - m. Calculate the highest common factor of q and g.
3
Let h(t) = -128*t + 1173. Let k be h(0). Calculate the greatest common divisor of k and 255.
51
Let t(z) = -z**3 + 25*z**2 - 19*z. Let c be t(10). What is the highest common divisor of c and 90?
10
Suppose -37*k + 155196 = 4*k - 5*k. Calculate the highest common divisor of k and 45.
9
Let z be ((-722)/114 - -5) + 5336/6. What is the greatest common divisor of 37 and z?
37
Let r = -17528 - -17596. Calculate the highest common divisor of 640 and r.
4
Let n(k) = -71*k + 473. Let i be n(-7). What is the highest common divisor of i and 10?
10
Let t = 151 + -149. Suppose -2*g - 236 = -t*n, 40*n = 39*n - 5*g + 124. Calculate the greatest common factor of 7 and n.
7
Let v = 12 - 19. Let m be -1 - v/7*118. Suppose 4*a = -2*o + 22, -4*a - 47 - 9 = -4*o. Calculate the highest common divisor of m and o.
13
Let i be (-392 - -1)*(-18 - -19). Let f = 397 + i. Calculate the greatest common divisor of 21 and f.
3
Let q be ((-500)/12)/(3/(-27)). Calculate the greatest common factor of q and 60.
15
Let c = 349 + -353. Let j(i) = -i**2 - 4 + 1 - 3*i - 2*i. Let p be j(c). What is the highest common divisor of p and 7?
1
Suppose 2115 + 3645 = 120*l. What is the greatest common divisor of 1074 and l?
6
Let v be 480 - 4 - (5/(-3) - (-5)/(-15)). What is the highest common divisor of 2 and v?
2
Suppose -62*y = -64*y. Suppose l = 5*n - 264, -36 = -y*n - n - 4*l. Calculate the greatest common divisor of 117 and n.
13
Let h be ((-50)/85)/((-27)/459). What is the highest common factor of 955 and h?
5
Suppose 7*f = 343 + 196. Let h(p) = -1 - p**3 + 56*p**2 - 56*p**2. Let y be h(-2). What is the highest common divisor of y and f?
7
Suppose -2*w = -0*w - 200. Let g(a) = -778*a - 44. Let k be g(1). Let s = k + 847. Calculate the greatest common divisor of w and s.
25
Let w = 31 - 26. Let y(j) = 6*j**3 - 2*j**3 - 3*j**3 + 8*j**2 - 9 + w - j. Let s be y(-5). What is the highest common divisor of s and 190?
38
Let f be 24/(-36)*3 + (-204)/(-2). Suppose 3*c - 1 = 2*q, 4*q - 4*c - 28 = -8*c. Calculate the highest common factor of f and q.
4
Suppose 86*n = 3310 + 9934. Calculate the highest common factor of n and 77.
77
Suppose -15*a - 4 = -19*a. Let k be (-3 - a - -3)/(3/(-141)). What is the greatest common factor of k and 423?
47
Let n(s) = -74*s**2 - 31*s + s**3 + 162*s**2 - 63*s**2 - 39. Let x be n(-26). What is the highest common factor of 182 and x?
91
Suppose -116 = 11*h + 35*h - 2002. Calculate the greatest common divisor of h and 656.
41
Let r(w) = -w**3 - 41*w**2 + 4*w + 166. Let l be r(-41). Suppose 0 = -g - 22 + 24, -l*m + 144 = 3*g. What is the highest common factor of 12 and m?
3
Let h be 5601 + 1 - (-22)/(-132)*12. Calculate the greatest common divisor of h and 96.
32
Suppose 0 = 4*i + 22 + 110. Let d = i + -48. Let u be (15/9)/(-5)*d. Calculate the highest common factor of u and 9.
9
Suppose 3*o = -2*x + 615, 4*x - 1570 = -x - o. Let a = x - 313. Calculate the highest common divisor of a and 1.
1
Let z be ((-2)/(-15) + (-1444)/570)/(2/(-335)). What is the greatest common factor of 12 and z?
6
Suppose -2627 = -2*c + g + 2098, 4729 = 2*c + 3*g. What is the greatest common divisor of 34 and c?
17
Let q = 1062 - 836. What is the highest common factor of 4 and q?
2
Suppose -4*b + 6 = -58. Let y(s) = s**2 + 2*s + 13. Let i be y(b). Calculate the greatest common factor of 43 and i.
43
Let a = 99 - 95. Suppose -s - 5*p + 35 = 0, 7*p - 4*p + 25 = a*s. Suppose -4*f + 2*l + 169 = -l, -15 = 5*l. Calculate the greatest common divisor of s and f.
10
Let a be (-3249)/(-95) - 6/5. Calculate the greatest common factor of a and 141.
3
Let o(m) = 2*m - 1. Let b be o(5). Let f(q) = q**3 + 18*q**2 + 71*q + 90. Let a be f(-8). What is the highest common divisor of a and b?
9
Let m = -5 + 21. Let n be m/24*159/2. Suppose 0 = -5*r + 248 - n. Calculate the greatest common factor of 13 and r.
13
Let i(q) = -q**2 + 29*q - 148. Let d be i(9). Suppose 0 = 6*g - d - 70. What is the highest common factor of g and 289?
17
Let z be 4 + (-2 + 24 - 21*4/(-12)). Calculate the highest common divisor of z and 14289.
33
Suppose -6*i - g + 4 = -4*i